t?
25
Suppose -n + 8 = j, 4*j - 21 = 4*n - 61. Let p(b) = -b**3 - 6*b**2 - 5*b + 3. Let m = -6 - -1. Let v be p(m). What is the greatest common divisor of n and v?
3
Let z be (-1 - (-3 + 4))*3800/(-16). What is the highest common factor of 50 and z?
25
Let w = -377 - -411. Let z be (3 - 2)*(239 - 1). Calculate the highest common divisor of z and w.
34
Suppose -5*m + 8*m + 18 = 0. Let x be (-39)/m - (-2)/(-4). What is the highest common divisor of 2 and x?
2
Let m(o) be the second derivative of -o**5/10 - o**4/6 - o**3/3 - o**2/2 + 4*o. Let z be m(-2). Calculate the greatest common factor of z and 1.
1
Let b(v) = v**3 - 8*v**2 - 19*v - 13. Let a be b(10). Let g be (51/6 + (-1 - a))*2. What is the greatest common divisor of 84 and g?
21
Suppose -41 = -4*m - 5*s, -3*m - 3*s = -2*s - 17. Let l be (64/12)/m*12. Let p be 8/24 - (-22)/6. What is the greatest common divisor of l and p?
4
Let r(o) = 2*o - 14. Let v be r(13). Suppose 3*i = 7*i - v. Calculate the highest common factor of i and 6.
3
Suppose 3*h - h - 107 = 3*u, 5*h - 257 = -3*u. What is the highest common factor of h and 91?
13
Let t(g) = -g**2 - 8*g - 8. Let z be t(-6). Suppose z*r - 70 = 2*r. Calculate the highest common factor of 7 and r.
7
Suppose -14*k = -10*k + a - 47, 0 = -4*k + a + 41. What is the greatest common divisor of k and 913?
11
Suppose 2*i - 48 = i. Suppose 293 = 2*m - 4*x + 41, -2*m - 3*x = -231. Calculate the highest common divisor of i and m.
24
Let t(p) = -p**3 + 16*p**2 - 28*p + 4. Let s be t(14). What is the highest common divisor of 16 and s?
4
Suppose -5*u + 3*l - 78 = 0, -28 + 0 = 2*u - 2*l. Let t(q) = -q**3 - 19*q**2 - 20*q - 15. Let p be t(u). Calculate the greatest common factor of 7 and p.
7
Suppose 0 = -w + h + 146, -w + 5*w = -5*h + 620. Let b = 154 - 94. Suppose -8*m + 9*m = b. Calculate the greatest common divisor of m and w.
30
Let c be 3/2 + 1/2 - 0. Suppose 22 = 2*v - 2*p, -v + 90 = 4*v + c*p. Calculate the greatest common factor of 64 and v.
16
Let p = 312 + -27. Let d(n) = 2*n**2 - 9*n + 30. Let h be d(11). Suppose -f + 2*f = 5*t - p, -3*t + f = -h. What is the greatest common divisor of 14 and t?
14
Suppose -4*q + 15 + 81 = 0. Suppose 5*s = x - 121, -19 = s - x + 6*x. Let u be 10 + -1 + s/(-8). Calculate the greatest common factor of q and u.
12
Suppose -4*m = -q - 3950, 5*q = -90*m + 89*m + 998. What is the highest common factor of 104 and m?
52
Let j(h) = h**2 - h + 6. Let u be j(0). Suppose -2*x + s + 3 = -u, -x = 3*s - 8. Suppose n + 3*n - 140 = 0. What is the highest common divisor of n and x?
5
Suppose 3*b + 18 = 5*v, 3*v = 6*b - b + 14. Let z = 7 + -5. Suppose -v*g = -z*g - 23. Calculate the greatest common factor of g and 161.
23
Let l = -6 - -2. Let g = 2 - l. Suppose 2*f + 12 = 4*k, -f + 4*k + 24 = 7*k. What is the greatest common divisor of f and g?
6
Suppose i - 71 = 3*t, -t + 24 = -i + 99. What is the highest common factor of 22 and i?
11
Let r(t) = t**2 + 2*t + 8. Let q be r(0). Let l be (-2 - 1) + 77 - 2. What is the highest common divisor of q and l?
8
Let c be ((-3)/2)/(2/(-336)). Suppose -353 = -124*a + 3119. Calculate the highest common factor of a and c.
28
Suppose -121 = -5*h + 2*i, -7*i + 2*i = 5*h - 135. Calculate the greatest common divisor of h and 40.
5
Let d = 128 - 90. Let m = d + -32. Calculate the greatest common factor of 42 and m.
6
Let q be 273/(-15) - 3/(-15). Let s = -3 - q. What is the greatest common divisor of 10 and s?
5
Let y = -11 - -17. Let r(v) = 4*v - 10. Let s be r(y). What is the highest common factor of s and 2?
2
Let j = -584 - -622. Calculate the highest common divisor of j and 1862.
38
Suppose 2*s + 224 = -414. Let g be -1 + s - (-5 + 7). Let z be g/(-10) - (-2)/(-10). What is the greatest common factor of z and 8?
8
Let q(k) = -8*k + 3. Let a be q(-8). Let b = a - 27. What is the highest common divisor of b and 20?
20
Let w be 3*((-46)/12 - -4)*16. Calculate the highest common factor of 184 and w.
8
Let w(l) = 7*l - 19. Let z be w(13). Calculate the greatest common factor of z and 1368.
72
Let m be (88/55)/(((-3)/5)/(-3)). Suppose 5*q - 1144 = -m*q. Let y be -4*(0 + 1)*-2. What is the greatest common divisor of q and y?
8
Suppose 0 = 4*r + 72 - 28. Let g = r - -20. Let z = 14 - g. What is the highest common factor of 10 and z?
5
Suppose -16*v + 90 = -1446. What is the highest common factor of 672 and v?
96
Let k = -5 + 7. Suppose b - k = -b. Let i be 32/24 + (-69)/(-9). What is the highest common divisor of b and i?
1
Suppose -3*w - 204 - 228 = 0. Let d = w - -210. Suppose -3*k + 2*i = -3*i - 23, 0 = 2*k + 3*i - 9. Calculate the greatest common divisor of k and d.
6
Let o be (13/2)/((162/12)/27). Calculate the greatest common factor of o and 6.
1
Let u = -266 + 270. What is the greatest common divisor of u and 100?
4
Let p(q) = -7*q - 80. Let z be p(-21). Let x = 79 - z. What is the highest common divisor of 36 and x?
12
Let m(f) = -f + 7. Let p be m(-4). Let i = 57 - p. Calculate the greatest common divisor of i and 69.
23
Let a be ((-962)/(-4))/(-3 + (-49)/(-14)). What is the greatest common divisor of a and 13?
13
Let u(w) = 6 - 9 - w**2 - 12*w + 21. Let j be u(-13). What is the highest common divisor of j and 15?
5
Suppose -10*w = -26*w + 720. Calculate the highest common factor of w and 108.
9
Let d = -42 - -49. Suppose -8*s + d*s + 20 = 0. Calculate the highest common divisor of 30 and s.
10
Let b = -3 + 16. Suppose 0 = -2*q - 61 - 81. Let x = q - -162. What is the greatest common factor of x and b?
13
Suppose -6*f + 3*f + 9 = 0. Let z be 3/3 + 69/f. Suppose 5*n = 56 - 16. Calculate the greatest common factor of z and n.
8
Suppose -2*t = -0*k + 2*k - 12, 0 = -4*k + 2*t + 6. Suppose -k + 60 = 3*n. Suppose 0 = h - n + 4. Calculate the highest common divisor of h and 15.
15
Let v(c) = c**3 - 9*c**2 + 19*c - 4. Let z be v(8). What is the highest common factor of z and 36?
12
Suppose 6*r - i - 1440 + 283 = 0, 3*r - 5*i - 601 = 0. What is the greatest common factor of r and 36?
12
Let l = -14 + 17. Suppose -593 = -x + l*n, -2*x + 8*n + 1189 = 3*n. Let b be 6/(-30) + x/10. What is the highest common factor of b and 10?
10
Suppose -1624 = -5*o - 23*o. What is the highest common divisor of o and 986?
58
Suppose 3*r + 0*r = -300. Let m = 169 + r. Suppose 3*q - 3*k = -0*q + 132, 0 = 5*q + 3*k - 236. Calculate the greatest common divisor of q and m.
23
Suppose 0 = 2*p - 0 - 16. Let m be (-78)/(-3) + p/(-2). Calculate the greatest common divisor of 242 and m.
22
Suppose 31*d - 3437 = -89. What is the highest common factor of d and 48?
12
Suppose 3*c = -2*c + 15. Let y(h) = -2*h - 51. Let x be y(-27). What is the highest common factor of c and x?
3
Let o(b) = -5*b**3 + b**2 + b. Let r be o(-1). Let d(v) = v**2 + 6*v - 34. Let n be d(r). Calculate the highest common factor of 49 and n.
7
Let c(t) = -t + 27. Let u be c(19). Suppose u*w - 763 = -203. Calculate the greatest common divisor of w and 14.
14
Suppose 3*a + 44 = 5*g, 2*g + 2*a - 8 = -0*g. Suppose -4*f + 15 = g. What is the highest common factor of f and 2?
2
Let c(v) = 3*v**3 + 2*v**2 - 11*v + 38. Let t be c(3). What is the greatest common factor of t and 32?
8
Let t = -3399 - -3435. Let p = -1 - -3. Suppose -3*q + i + 57 = p*q, 0 = 4*q + 5*i - 63. Calculate the greatest common divisor of t and q.
12
Suppose 0 = -0*a + 4*a - 2*d - 128, -3*a - 3*d + 105 = 0. Suppose i - 41 - a = 0. Suppose -21 = -5*q + i. What is the highest common factor of q and 133?
19
Suppose 5*a - 458 = 4*b, -2*a + 5*a = -4*b + 262. Suppose -6 - 4 = -o. What is the greatest common factor of o and a?
10
Let u(v) = -2*v**2 - 42*v - 76. Let i be u(-17). Calculate the greatest common divisor of 84 and i.
12
Let i(b) = -b**3 + 15*b**2 - b + 63. Let k be i(15). Calculate the greatest common factor of 912 and k.
48
Let n = 7 - 5. Suppose -n*o + 4*s = 42, 0 = 3*o + 3*s + 2*s + 30. Let q = o - -32. Calculate the highest common divisor of 17 and q.
17
Let d = 62 - -142. What is the highest common factor of 24 and d?
12
Let l = 18 + -14. Let s = 11 - l. Let c(w) = 8*w - 12. Let b be c(5). What is the highest common factor of b and s?
7
Suppose -4*u = -2*x + 240, 2*x - 172 - 63 = 3*u. Let h(q) = -q**3 - q**2 + 44. Let m be h(0). Calculate the greatest common divisor of x and m.
22
Let 